 + 5*q**2 - 10 + 3*q**2 - 2*q**3. Let s be c(4). Calculate the highest common divisor of 21 and s.
21
Let h be 71/4 + 1 - 9/12. Let w = -178 - -257. Suppose -30 = -4*a + q + w, q - 80 = -3*a. What is the highest common factor of h and a?
9
Let h = 7 + -1. Suppose -1309 = -j - h*j. Calculate the highest common divisor of 17 and j.
17
Let c = -195 + 197. What is the greatest common factor of 34 and c?
2
Let k be (12/10)/((-6)/20). Let p be (-247 - -3)/k + 4. Calculate the highest common factor of 26 and p.
13
Suppose 11*v - 2338 = 82. Calculate the highest common divisor of v and 330.
110
Let f(l) = -l + 21. Let x be f(23). Let m be (4/(-8) + 1)/(x/(-40)). Let a(c) = c - 1. Let t be a(6). What is the greatest common factor of m and t?
5
Suppose 43*j - 38592 = 34*j. Calculate the greatest common divisor of j and 67.
67
Suppose 0 = -5*b + 1390 + 530. Calculate the greatest common factor of 32 and b.
32
Suppose 4 = -15*l - 56. Let s be (-106)/l + (-111)/74. Let u = 6 - -4. What is the greatest common divisor of s and u?
5
Let l = 284 - 280. What is the greatest common factor of 118 and l?
2
Let u(p) = -p**3 + 15*p**2 + 16*p + 15. Let c = -14 + 30. Let w be u(c). Let v = w + -2. What is the greatest common factor of v and 13?
13
Suppose 3*f - 149 + 25 = 4*k, -3*k - 12 = 0. Let z = 24 - 16. Calculate the greatest common divisor of f and z.
4
Suppose 2*w - 5*j - 7 = 0, -5*j - 5 = -0*j. Let f be (-144)/(-66) + 6/(-33). Let t be f*(-5 + (-55)/(-10)). What is the highest common divisor of w and t?
1
Suppose -t + 17 + 6 = 5*h, -4*t - 4*h = -76. Suppose -t*q + 264 = -14*q. Calculate the highest common divisor of q and 6.
6
Let w(u) = 9*u**2 - 88*u + 876. Let q be w(10). What is the greatest common factor of q and 168?
56
Let w be (-3)/((-6)/(-20))*2/(-5). Let t be 46 + -1 + -1 - 0. Calculate the greatest common factor of w and t.
4
Let j(k) = -4*k**2 + 47*k - 13. Let w be j(11). Calculate the highest common factor of 230 and w.
10
Let p be (182/(-21) + -3)*-6. Let n = 1 - -9. What is the highest common divisor of p and n?
10
Let x = -8 + 10. Suppose -5*k + 4*k + 5*b = -1, -x*k = 3*b - 2. Let s(z) = -z**2 - 8*z - 5. Let u be s(-6). Calculate the highest common divisor of k and u.
1
Let a(x) = -3*x**2 - 38*x - 8. Let l be a(-9). Calculate the greatest common factor of l and 52.
13
Let l be 1/((1 - 2)/7). Let z(i) = -i**2 + 2*i + 2. Let d be z(l). Let x = -34 - d. Calculate the highest common factor of 3 and x.
3
Let p = 70 - 27. Let c be 7 + -9 + p + -2. What is the highest common divisor of c and 26?
13
Suppose -o - o + 399 = -3*w, -10 = 2*w. Suppose 0 = 5*u - 128 + 8. Calculate the highest common factor of o and u.
24
Suppose 0 = i + 2*a + 3, 4*i = a - 30. Let r be (2/4)/(i/(-126)). Calculate the greatest common divisor of r and 9.
9
Let m = -419 - -423. Let i = 20 + -10. What is the highest common divisor of m and i?
2
Let y(z) = z - 8. Let p be y(22). Let c be 201 + p/(-10) + 2/5. What is the greatest common factor of c and 25?
25
Let s(k) be the third derivative of k**4/4 - 7*k**3/6 - 12*k**2. Let z be s(2). Calculate the greatest common factor of 1 and z.
1
Suppose -3*o = -6*o. Let v be 0 - -1 - (-7 + o). Suppose -4*j + 5*j - 2*n = 8, -3*j - 2*n + 40 = 0. Calculate the greatest common divisor of v and j.
4
Let l = -338 - -536. Calculate the highest common divisor of l and 22.
22
Let d = -614 - -618. Let y(k) = -k**3 - 4*k**2 + 4*k + 7. Let h be y(-6). Suppose -5*r + d*r = -h. What is the greatest common divisor of r and 22?
11
Let g(w) = w**2 + 13*w - 282. Let b be g(-25). What is the highest common factor of b and 32?
2
Let q be -3 - -1*(15 + -4). Suppose q*i = 4*i + 384. What is the highest common divisor of i and 64?
32
Suppose -4*i + 68 = 2*v, i + 109 = -17*v + 20*v. Calculate the highest common factor of 342 and v.
18
Suppose 4*n = -2*w - 6, 4*w = 5*w + 3*n + 7. What is the greatest common divisor of 20 and w?
5
Suppose 2*i - 7*i = 5*f - 30, 4*i = 0. Suppose f = -0*j + j. Calculate the greatest common factor of 42 and j.
6
Let x = -11 - -20. Let h be 1*2 - (11 - 247). Suppose -5*c + h - 58 = 0. What is the greatest common divisor of x and c?
9
Suppose t - 28*o = -32*o + 33, 4*t + o = 42. Let f(z) = 12*z**3 + z + 1. Let i be f(2). Calculate the greatest common divisor of t and i.
9
Suppose 2*n - 25 = -3. Suppose 4*w + 3*q - 69 = 0, 0 = -3*w + 5*q + 89 - 1. Let v be ((-77)/w)/(3/(-99)). Calculate the highest common divisor of n and v.
11
Suppose g - 1 = d, 2*d = g - 3*d + 11. Suppose 3 = q - g. What is the greatest common factor of 49 and q?
7
Let h be 1713/9 - (80/24 - 3). Calculate the greatest common factor of h and 10.
10
Let v be 2 + 40/1*1. Suppose 0 = -24*z + 115 + 29. What is the highest common factor of v and z?
6
Suppose 2*t + 21 = 2*r - 3*t, -5*r + 2*t = -42. Let h be ((-10)/6 + -1)*-21. What is the highest common divisor of r and h?
8
Let f = 654 + -346. What is the greatest common divisor of f and 112?
28
Suppose 0 = -5*v - 5*i, -3*v + i - 4 = -16. Suppose 0 = v*u - 191 - 226. Suppose -5*q + u + 106 = 0. Calculate the greatest common factor of q and 7.
7
Suppose -5*o = 2*s - 1402, 3*o + 546 = -4*s + 1390. What is the highest common divisor of o and 210?
70
Let n be (23/5 - (-2 - -6))*285. Let f be (-4)/(-4)*(-29 + 0). Let j = f - -48. Calculate the highest common divisor of n and j.
19
Let j(k) = k**3 - k**2 + 18. Let p(o) = o**2 + 3*o. Let d be p(-3). Let u be j(d). What is the greatest common divisor of u and 2?
2
Suppose -4*q + 5708 = -2*f, 7*q = 2*q - 4*f + 7122. What is the highest common factor of q and 46?
46
Let x be ((-7)/(-14))/(-2 - (-303)/150). What is the highest common divisor of x and 45?
5
Let l = -48 + 65. Suppose -x - 16 + l = 0. Calculate the highest common factor of x and 13.
1
Let u(w) = 2*w**2 - 2*w + 6. Let z be u(3). Let l be 2/6 + 210/z + 1. Calculate the highest common factor of 13 and l.
13
Suppose 24*v = 26*v - 34. Calculate the greatest common factor of v and 51.
17
Let o = -44 + 40. Let f = -1 - o. Let b(s) = s**2 + 7*s + 3. Let l be b(-7). What is the greatest common divisor of f and l?
3
Suppose -11*u = 2*u - 1690. What is the greatest common factor of 156 and u?
26
Suppose -17*t - 24 = -5*t. Let u = t - -177. Calculate the highest common divisor of u and 25.
25
Suppose -3*s - z = -1267, 3*s - 3*z - z = 1262. Let m = s - 224. Suppose 4*l = -3*b + 50, b - l - 20 = l. Calculate the greatest common factor of m and b.
18
Suppose -1874 - 2284 = -21*z. What is the highest common divisor of z and 18?
18
Suppose -3*t + 70 - 4 = 3*o, 5*o = 0. Calculate the greatest common factor of 10 and t.
2
Let h(f) = 256*f**2 - 7*f + 7. Let a be h(1). Calculate the greatest common divisor of 2 and a.
2
Suppose j = -2*l + 5*j + 92, 0 = -l + 3*j + 49. Suppose 40 = 3*f + f. What is the highest common factor of f and l?
10
Let a = 29 + -54. Let z = a + 48. Calculate the highest common factor of 46 and z.
23
Suppose -2*x = 7*q - 5*q - 114, 4*x + 72 = q. Suppose -3*r - 5*s + 50 = 0, 113 = 5*r + 3*s + 19. What is the highest common divisor of q and r?
20
Suppose 3*h - 1 = 11. Suppose 2*i = h*s - 48, -4*s + 4*i + 81 = 29. What is the greatest common factor of 33 and s?
11
Let a be ((-132)/18)/((-6)/522). Calculate the highest common factor of 58 and a.
58
Let d(k) = k**2 + 5*k + 8. Let q be (4/(-5))/(8/40). Let r be d(q). Suppose w - 17 = -5*t - 4, w - r*t = 4. Calculate the highest common factor of w and 72.
8
Let i be -2 + (-34)/4*-2. Let g be 1/(-1 + 100/96). Suppose 2*b = -5*x + 30, 4*x - b - b - g = 0. What is the greatest common divisor of i and x?
3
Let k(x) = 9*x + 123. Let i be k(-3). What is the greatest common divisor of 36 and i?
12
Let h(v) = v**3 + 8*v**2 - v - 14. Let r be h(-7). Suppose -74 + 11 = -u. Calculate the greatest common divisor of r and u.
21
Let d = 61 + -34. Let a = d - 13. Let g = -83 - -111. What is the greatest common divisor of g and a?
14
Let c(w) = -2*w**2 + 2*w + 23. Let t(u) = u**2 + 8*u - 20. Let m be t(-10). Let z be c(m). Calculate the greatest common factor of 253 and z.
23
Let u(k) = k**3 + 12*k**2 - 2. Let o = 15 + -27. Let l be u(o). Let c be -4 - -46*l/(-4). Calculate the highest common divisor of 76 and c.
19
Let q(i) = 62*i**2 - 6*i - 15. Let b be q(-3). What is the greatest common d